t is the remainder when 2139 is divided by 1020?
99
What is the remainder when 14053 is divided by 89?
80
What is the remainder when 139213 is divided by 63?
46
What is the remainder when 31310 is divided by 17?
13
Calculate the remainder when 14705 is divided by 88.
9
What is the remainder when 2310 is divided by 19?
11
What is the remainder when 11123 is divided by 70?
63
What is the remainder when 42170 is divided by 89?
73
Calculate the remainder when 9807 is divided by 427.
413
Calculate the remainder when 12299 is divided by 6145.
9
Calculate the remainder when 125137 is divided by 142.
35
What is the remainder when 7699 is divided by 28?
27
Calculate the remainder when 6311 is divided by 2096.
23
What is the remainder when 7124 is divided by 1183?
26
Calculate the remainder when 24926 is divided by 12461.
4
Calculate the remainder when 30142 is divided by 205.
7
Calculate the remainder when 201312 is divided by 368.
16
Calculate the remainder when 168126 is divided by 148.
146
What is the remainder when 2750 is divided by 211?
7
What is the remainder when 190473 is divided by 8281?
10
What is the remainder when 18063 is divided by 176?
111
Calculate the remainder when 8574 is divided by 52.
46
Calculate the remainder when 2191186 is divided by 11.
8
What is the remainder when 16006 is divided by 87?
85
Calculate the remainder when 12440 is divided by 264.
32
What is the remainder when 10099 is divided by 47?
41
Calculate the remainder when 2946 is divided by 179.
82
What is the remainder when 96767 is divided by 672?
671
Calculate the remainder when 7644 is divided by 1526.
14
What is the remainder when 45809 is divided by 22869?
71
Calculate the remainder when 42296 is divided by 787.
585
What is the remainder when 16783 is divided by 73?
66
What is the remainder when 262724 is divided by 906?
890
Calculate the remainder when 13038 is divided by 4339.
21
Calculate the remainder when 612255 is divided by 424.
423
Calculate the remainder when 750268 is divided by 1234.
1230
Calculate the remainder when 51868 is divided by 665.
663
What is the remainder when 2380 is divided by 611?
547
What is the remainder when 309149 is divided by 1171?
5
Calculate the remainder when 267341 is divided by 56.
53
Calculate the remainder when 67240 is divided by 2689.
15
Calculate the remainder when 61429 is divided by 304.
21
Calculate the remainder when 5670 is divided by 916.
174
Calculate the remainder when 526 is divided by 89.
81
What is the remainder when 5060 is divided by 4523?
537
Calculate the remainder when 33088 is divided by 973.
6
Calculate the remainder when 45947 is divided by 2552.
11
What is the remainder when 6826 is divided by 2197?
235
What is the remainder when 5309 is divided by 51?
5
What is the remainder when 8784 is divided by 8747?
37
Calculate the remainder when 4225 is divided by 166.
75
Calculate the remainder when 35664 is divided by 82.
76
What is the remainder when 10401 is divided by 10396?
5
Calculate the remainder when 137373 is divided by 1446.
3
Calculate the remainder when 1575 is divided by 215.
70
Calculate the remainder when 65683 is divided by 12.
7
Calculate the remainder when 84964 is divided by 914.
876
What is the remainder when 37319 is divided by 18543?
233
What is the remainder when 13139 is divided by 76?
67
What is the remainder when 111385 is divided by 83?
82
What is the remainder when 2131 is divided by 1931?
200
Calculate the remainder when 1204 is divided by 426.
352
Calculate the remainder when 2757 is divided by 1150.
457
Calculate the remainder when 660 is divided by 1.
0
Calculate the remainder when 4270 is divided by 721.
665
What is the remainder when 910 is divided by 229?
223
Calculate the remainder when 352443 is divided by 142.
141
Calculate the remainder when 2268 is divided by 89.
43
Calculate the remainder when 932 is divided by 210.
92
What is the remainder when 548925 is divided by 24?
21
Calculate the remainder when 21583 is divided by 5380.
63
What is the remainder when 3897 is divided by 1031?
804
Calculate the remainder when 20804 is divided by 801.
779
Calculate the remainder when 71030 is divided by 88.
14
What is the remainder when 610400 is divided by 101732?
8
What is the remainder when 3156794 is divided by 32?
26
Calculate the remainder when 363075 is divided by 294.
279
Calculate the remainder when 1868 is divided by 907.
54
Calculate the remainder when 45700 is divided by 7616.
4
What is the remainder when 153620 is divided by 507?
506
What is the remainder when 21561 is divided by 827?
59
What is the remainder when 13059 is divided by 1324?
1143
Calculate the remainder when 869 is divided by 830.
39
What is the remainder when 35396 is divided by 17669?
58
What is the remainder when 102443 is divided by 20486?
13
What is the remainder when 9046 is divided by 292?
286
What is the remainder when 24424 is divided by 12127?
170
Calculate the remainder when 6359173 is divided by 11.
7
What is the remainder when 115698 is divided by 507?
102
Calculate the remainder when 781150 is divided by 1648.
1646
What is the remainder when 19497 is divided by 1392?
9
Calculate the remainder when 210811 is divided by 871.
29
What is the remainder when 135155 is divided by 509?
270
What is the remainder when 1901 is divided by 1838?
63
Calculate the remainder when 56425 is divided by 18798.
31
Calculate the remainder when 62500 is divided by 334.
42
What is the remainder when 17973 is divided by 282?
207
What is the remainder when 2276 is divided by 1136?
4
Calculate the remainder when 30360 is divided by 75.
60
What is the remainder when 13674 is divided by 136?
74
What is the remainder when 937394 is divided by 333?
332
Calculate the remainder when 73037 is divided by 545.
7
Calculate the remainder when 173601 is divided by 286.
285
Calculate the remainder when 26651 is divided by 8878.
17
What is the remainder when 14943 is divided by 503?
356
Calculate the remainder when 9195 is divided by 200.
195
What is the remainder when 17457 is divided by 643?
96
Calculate the remainder when 1115 is divided by 329.
128
Calculate the remainder when 2806 is divided by 57.
13
What is the remainder when 151469 is divided by 45?
44
What is the remainder when 3723 is divided by 3664?
59
What is the remainder when 5483 is divided by 30?
23
What is the remainder when 3241 is divided by 64?
41
Calculate the remainder when 4442 is divided by 2219.
4
Calculate the remainder when 330482 is divided by 931.
908
Calculate the remainder when 3064 is divided by 46.
28
What is the remainder when 55214 is divided by 45?
44
What is the remainder when 13204 is divided by 223?
47
What is the remainder when 54157 is divided by 1807?
1754
What is the remainder when 522 is divided by 212?
98
Calculate the remainder when 2146 is divided by 635.
241
Calculate the remainder when 10879 is divided by 10837.
42
Calculate the remainder when 104895 is divided by 26.
11
Calculate the remainder when 44519 is divided by 68.
47
What is the remainder when 7358797 is divided by 10?
7
What is the remainder when 2049 is divided by 2047?
2
Calculate the remainder when 111388 is divided by 118.
114
Calculate the remainder when 2940572 is divided by 1445.
1442
Calculate the remainder when 8020 is divided by 1335.
10
Calculate the remainder when 4625 is divided by 163.
61
Calculate the remainder when 8294 is divided by 2070.
14
Calculate the remainder when 17120 is divided by 1710.
20
Calculate the remainder when 24995 is divided by 4.
3
Calculate the remainder when 1726 is divided by 137.
82
Calculate the remainder when 14356 is divided by 510.
76
Calculate the remainder when 11848 is divided by 565.
548
Calculate the remainder when 200566 is divided by 63.
37
Calculate the remainder when 99391 is divided by 90.
31
What is the remainder when 1650 is divided by 422?
384
What is the remainder when 33468 is divided by 8367?
0
Calculate the remainder when 7283 is divided by 139.
55
Calculate the remainder when 74776 is divided by 164.
156
Calculate the remainder when 17420 is divided by 2900.
20
What is the remainder when 69875 is divided by 510?
5
What is the remainder when 17042 is divided by 2436?
2426
What is the remainder when 34108 is